{"version":"1.0","provider_name":"Mas Ricardenque","provider_url":"https:\/\/masricardenque.fr\/en","title":"La Taille des Vignes au Mas Ricardenque - Mas Ricardenque","type":"rich","width":600,"height":338,"html":"<blockquote class=\"wp-embedded-content\" data-secret=\"8qSLqJKBXS\"><a href=\"https:\/\/masricardenque.fr\/en\/non-classe\/taille-vignes\/\">La Taille des Vignes au Mas Ricardenque<\/a><\/blockquote><iframe sandbox=\"allow-scripts\" security=\"restricted\" src=\"https:\/\/masricardenque.fr\/en\/non-classe\/taille-vignes\/embed\/#?secret=8qSLqJKBXS\" width=\"600\" height=\"338\" title=\"&#8220;La Taille des Vignes au Mas Ricardenque&#8221; &#8212; Mas Ricardenque\" data-secret=\"8qSLqJKBXS\" frameborder=\"0\" marginwidth=\"0\" marginheight=\"0\" scrolling=\"no\" class=\"wp-embedded-content\"><\/iframe><script>\n\/*! This file is auto-generated *\/\n!function(d,l){\"use strict\";l.querySelector&&d.addEventListener&&\"undefined\"!=typeof URL&&(d.wp=d.wp||{},d.wp.receiveEmbedMessage||(d.wp.receiveEmbedMessage=function(e){var t=e.data;if((t||t.secret||t.message||t.value)&&!\/[^a-zA-Z0-9]\/.test(t.secret)){for(var s,r,n,a=l.querySelectorAll('iframe[data-secret=\"'+t.secret+'\"]'),o=l.querySelectorAll('blockquote[data-secret=\"'+t.secret+'\"]'),c=new RegExp(\"^https?:$\",\"i\"),i=0;i<o.length;i++)o[i].style.display=\"none\";for(i=0;i<a.length;i++)s=a[i],e.source===s.contentWindow&&(s.removeAttribute(\"style\"),\"height\"===t.message?(1e3<(r=parseInt(t.value,10))?r=1e3:~~r<200&&(r=200),s.height=r):\"link\"===t.message&&(r=new URL(s.getAttribute(\"src\")),n=new URL(t.value),c.test(n.protocol))&&n.host===r.host&&l.activeElement===s&&(d.top.location.href=t.value))}},d.addEventListener(\"message\",d.wp.receiveEmbedMessage,!1),l.addEventListener(\"DOMContentLoaded\",function(){for(var e,t,s=l.querySelectorAll(\"iframe.wp-embedded-content\"),r=0;r<s.length;r++)(t=(e=s[r]).getAttribute(\"data-secret\"))||(t=Math.random().toString(36).substring(2,12),e.src+=\"#?secret=\"+t,e.setAttribute(\"data-secret\",t)),e.contentWindow.postMessage({message:\"ready\",secret:t},\"*\")},!1)))}(window,document);\n\/\/# sourceURL=https:\/\/masricardenque.fr\/wp-includes\/js\/wp-embed.min.js\n<\/script>","description":"La taille des vignes est une \u00e9tape cruciale dans l'entretien des vignobles de Callian, dans le magnifique Pays de Fayence. Au Mas Ricardenque, domaine viticole engag\u00e9 dans l'agriculture biologique, cet art pr\u00e9cieux est pratiqu\u00e9 avec passion."}

La taille des vignes est une étape cruciale dans l'entretien des vignobles de Callian, dans le magnifique Pays de Fayence. Au Mas Ricardenque, domaine viticole engagé dans l'agriculture biologique, cet art précieux est pratiqué avec passion.
